
Suppose 0 = -5*s + 2*s. Let j(l) be the second derivative of s + 2/3*l**3 - 1/12*l**4 + 3*l + 3/2*l**2. Calculate j(4).
3
Let f(k) = k**2 + k - 2. Suppose 2*u + 7 = -7. Let g(l) = -l**2 - 5*l - 11. Let d be g(-3). Let y = d - u. What is f(y)?
4
Let s(y) = -y**2 + 4*y - y**3 + 4*y**2 + 0 - 4. Suppose -3*w = -58 + 46. Determine s(w).
-4
Let a(o) be the first derivative of -o**2 - 6*o + 1. What is a(-4)?
2
Let l(o) = 15*o**3 + 1. Suppose 3*y + 0 = -4*b - 11, -5*y = -5*b + 30. What is l(b)?
16
Let h(i) be the third derivative of i**6/24 + i**5/30 - i**4/24 + 18*i**2. Give h(1).
6
Suppose -s + 0 = 4. Suppose -5*z - i + 15 = -3*i, 0 = -4*z - 4*i + 12. Let f(r) = z + 2 - 4 - r. Calculate f(s).
5
Let l(g) = -g + 2. Suppose -3*j - j + 28 = 0. Determine l(j).
-5
Suppose -5*d + 2*d = -4*h + 20, -5*h - 2*d + 2 = 0. Let x(j) = h*j + 6*j - 10*j - 3. What is x(-4)?
5
Let x(i) = i**3 - 5*i**2 - 4*i + 5. Let y be (0 - (-7 - -2))*1. What is x(y)?
-15
Let b = -43 + 45. Let v = -15 - -8. Let u(w) = -3*w - 4. Let s(d) = -d - 1. Let y(z) = b*u(z) + v*s(z). Give y(5).
4
Let b = -3 - 0. Let k(w) = 1 - w + 6*w**2 - 9*w - 5*w**2 + 16*w. Calculate k(b).
-8
Let g(f) = f**2 + 4*f. Let l = -62 - -60. Determine g(l).
-4
Suppose -2*g + 2 = -4*g. Let w(y) = -5*y**2 - 1. What is w(g)?
-6
Let k(x) = -4*x + 1. Let q be k(-2). Suppose 6*y - 3*y - q = 2*z, 2*y = 2*z + 6. Let g(b) = -b**3 + 2*b**2 + 1. Determine g(y).
-8
Suppose -m - 3*l + 1 = 0, -4*l = 10*m - 8*m. Let s(w) = -2*w + 2 + 1 + 4*w. Determine s(m).
-1
Suppose 0 = -4*u + 62 - 22. Suppose 7*z - 2*z = u. Let k(q) = 2*q - 3. What is k(z)?
1
Suppose 9*n - 5 = 4*n. Let x(r) = -3*r**3 - r**3 - 1 + r - r**3. Calculate x(n).
-5
Let s = -16 - -27. Let b(i) = 14*i + 12. Let l(q) = 5*q + 4. Let d(f) = s*l(f) - 4*b(f). Calculate d(-3).
-1
Let l(v) = -v + 14. Let b = 54 + -54. What is l(b)?
14
Let i(a) = -a**2 + 4*a + 4. Let m(b) = 1. Let f(y) = -i(y) - 2*m(y). What is f(6)?
6
Let v(b) be the first derivative of -b**4/4 - 2*b**3/3 + 3*b**2 + 6*b - 8. Give v(-4).
14
Suppose u = 2*u - 13. Let c = -8 + u. Let j(w) = w**3 - 4*w**2 - 6*w - 4. Let d(h) = h**3 - 4*h**2 - 7*h - 5. Let y(r) = -2*d(r) + 3*j(r). Calculate y(c).
3
Let c(v) = -v. Let d be c(5). Let h = d - -10. Let n(b) = -h*b - 4*b + 0 + 0. What is n(1)?
-9
Let v(g) be the first derivative of 3 + 1/3*g**3 - g**2 - 4*g. Calculate v(4).
4
Let h(d) = 5 - d + 2*d + 2. Calculate h(-6).
1
Let z(n) = n**2 + 8*n + 15. Let d be z(-6). Let w(q) = -3*q + 4. Determine w(d).
-5
Let i(s) = s + 14. Let m be i(-12). Let j(z) = 4*z + 5 - z + 0 - m. Calculate j(-4).
-9
Let q be 3 - (-4 + 5)*1. Let b(y) = y**3 - q*y**3 + 1 - 2 - 3*y + 0. Give b(-2).
13
Let y(o) be the first derivative of 2*o**2 + o - 16. What is y(-2)?
-7
Suppose 3*j + 25 = -a, -3*a - j + 3*j = 20. Let b be (-2)/10 + (-12)/a. Let h(k) = -b - 3*k - k - 2*k. Calculate h(1).
-7
Let o(w) be the third derivative of -11*w**6/720 + w**5/120 - w**4/6 + 5*w**2. Let h(l) be the second derivative of o(l). Give h(1).
-10
Suppose 11*v - 21*v - 40 = 0. Let z(b) = -5*b + 5. Let g(f) = 6*f - 6. Let j be 5*1/(-2)*2. Let q(t) = j*z(t) - 4*g(t). Calculate q(v).
-5
Suppose 4 = -18*x + 14*x. Let v(f) = f**3. Give v(x).
-1
Suppose -10*d + 13 = 3*d. Let z(w) = 7*w - 1. Calculate z(d).
6
Suppose -4*b + u + u - 8 = 0, 3*u = 2*b + 12. Suppose b = 2*a + 3*a + 20. Let k(y) = -3*y - 3. What is k(a)?
9
Let r = -1 - -4. Let y(p) = -p**2 - 2*p + 1. Let o be y(-4). Let z(c) = -c + 1. Let b(f) = 4*f - 4. Let j(x) = o*z(x) - 2*b(x). What is j(r)?
-2
Let s(b) = -1. Let i(f) = f - 5. Let q(y) = i(y) - 4*s(y). What is q(0)?
-1
Let o be 3 + 3 + (-2 - 1). Let n = -2 - -5. Let r(l) = -1 + 2*l + o*l + l**2 + n*l - 4*l. What is r(-3)?
-4
Let d(k) be the second derivative of -k**3/3 + 3*k**2/2 - k. Let u(o) = 2*o + 8. Let s be u(-6). Determine d(s).
11
Let k = 18 - 12. Let t be (-2 + 7)*k/5. Let p(l) = l**2 - 3*l - 8. Calculate p(t).
10
Let c(d) = -d**2 + d**3 - 2 - 2*d**3 + 4 + 3*d. Let p(l) = l**2 + 4*l - 8. Let f be p(-5). Determine c(f).
11
Let v = 1/48 + 5/16. Let i(r) be the first derivative of 0*r + 1 - v*r**3 - 1/2*r**2. What is i(0)?
0
Let m(r) = 3*r**2 + 1. Suppose f = -0*f + z + 4, 3*f - 22 = 5*z. Let s be (1*f)/(4/(-8)). Suppose 2*c + s + 0 = 0. Determine m(c).
4
Let r(x) = 7*x**2 - 1. Let m(b) = 2*b + 5. Let h(t) = -3*t + 1. Let q be h(2). Let y be m(q). Let s = -4 - y. Calculate r(s).
6
Let f(n) = -2 + 4*n - n**2 + n + 8. Give f(6).
0
Let y(h) be the first derivative of h**2 + 2*h - 1. Suppose 1 + 15 = 4*c. Suppose -20 = c*n - 8. What is y(n)?
-4
Let k be (-35)/(-15) - 3/9. Let b(d) be the first derivative of -d - k + 1/2*d**2. Calculate b(3).
2
Let z(l) = -7*l - 17. Let x(h) = -3*h - 9. Let w(j) = 9*x(j) - 4*z(j). Determine w(9).
-4
Let q = -5 + 6. Let a(r) = -2 + 0 + 2*r + q. Determine a(3).
5
Let r(g) = -g**3 - g**2 - g. Let i(k) = 2*k**3 + 10*k**2 - 4*k - 5. Let a(n) = -i(n) - 3*r(n). Let b = -31 + 37. Determine a(b).
11
Let f(h) = -h**3 - 6*h**2 - 6*h + 7. Let c = -17 - -18. Let q be -4 + (0 + c)*-1. Give f(q).
12
Let z(l) = -l + 1. Let g(q) = -2*q - 1. Let r(w) = -g(w) + 3*z(w). Let j(p) = -p - 1. Let v be j(-1). Calculate r(v).
4
Let n(d) = 5*d. Let x be n(1). Let o = 0 + x. Let r(b) be the third derivative of b**6/120 - b**5/15 - 5*b**4/24 - b**3 - b**2. Calculate r(o).
-6
Let m(l) = -l**2 + 8*l. Let c(o) = -2*o - 8. Let b be c(-8). Calculate m(b).
0
Let l(r) be the first derivative of r**5/20 + r**4/3 + r**3/6 + 3*r**2/2 + r + 1. Let d(g) be the first derivative of l(g). Determine d(-4).
-1
Let n(y) = 4*y + 5 + 0*y - 11 - 2*y. Determine n(4).
2
Let d(n) = -2*n - 4. Let p(v) = v**2 + 6*v - 3. Let l be p(-7). Give d(l).
-12
Let h(t) be the third derivative of -t**4/24 + 2*t**3/3 + 18*t**2. Calculate h(6).
-2
Let b(x) = 6*x**2 + x + x - 5*x**2 - 3. Give b(-3).
0
Let q(l) be the third derivative of -3*l**2 + 0 - 5/6*l**3 + 0*l + 1/24*l**4. Give q(0).
-5
Let j(m) = m**2 - 10*m + 10. Let l be j(9). Let b(r) = r**3 - r**2 - r + 1. Calculate b(l).
0
Let u(h) = 4*h**2 - 3 - 2*h + 4 + 3*h**2. Let f(t) = 2*t + 6. Let x(s) = 5*s + 13. Let p(n) = -7*f(n) + 3*x(n). Let w be p(4). Give u(w).
6
Let l be ((-12)/(-7))/(6/21). Let r(g) = 3*g**2 + 6 - 2*g**2 - 1. Let f(v) = v**2 + 6. Let u(w) = l*r(w) - 5*f(w). Give u(-2).
4
Let u(p) be the third derivative of p**7/2520 + p**6/720 + p**5/30 + p**2. Let t(a) be the third derivative of u(a). Calculate t(1).
3
Let t(k) = k**2 - 11*k + 12. Let f be t(10). Let g(s) = 2*s - 4*s - 3*s**2 + f*s**2. Let u(o) = -o. Let y be u(3). Calculate g(y).
-3
Suppose 3*h = -40 + 34. Let w(y) be the second derivative of -y**3/3 + y. What is w(h)?
4
Suppose -d + 4 - 3 = 0. Let l(n) = -5*n + 0 - 8*n + 8*n - 1. What is l(d)?
-6
Suppose 5*x - 2*r + 26 = -0*x, -16 = 2*x + 2*r. Let c(k) = 2*k - 4. Give c(x).
-16
Let c(g) = g**2 + 4*g - 3. Let l be -6 + 2 + 11 - 1. Suppose -l = 2*x + 4. What is c(x)?
2
Let p(u) = -26*u**2 - 7*u. Let b(j) = 13*j**2 + 4*j. Let x(h) = -7*b(h) - 4*p(h). Calculate x(1).
13
Let c(g) = g**2 - 4*g + 4. Let f(n) = -n + 1. Let q(z) = -c(z) + 5*f(z). Determine q(0).
1
Let d = -8 + 18. Suppose -5*s + d = 0, -3*l + 24 = s + 7. Let a(m) = 3 - 2*m - 3 - 4 + 5*m. Determine a(l).
11
Let f(r) = r**2 + 4*r + 2. Let l(j) = -2*j**2 - 4*j - 3. Let m(p) = -3*f(p) - 2*l(p). Determine m(6).
12
Let n(t) = t + 7. Let c be n(-6). Suppose -3*z + 2*b = 2 - 3, -4*z - b = -16. Let f(u) = u**3 + u**3 + u**z + 2*u - 1 + 0*u**3. Give f(c).
4
Let y(m) = 4*m + 3. Let n(t) = t**2 + 4*t - 3. Let c be n(-5). Let i(o) = -4*o - 3. Let a(r) = c*i(r) + 3*y(r). Determine a(-2).
-5
Suppose p = -2*p + 48. Let j = 10 - p. Let i(q) = q**3 + 5*q**2 - 7*q - 6. Give i(j).
0
Let k(l) = 4*l + 6. Let q(t) = -5*t - 7. Let o(m) = -6*k(m) - 5*q(m). Calculate o(5).
4
Suppose 0*f = 4*f - 44. Let u(m) = -f*m - 4*m - m**2 + 10*m. Give u(-4).
4
Let h(j) = j. Let p be (-3)/7 - 192/42. What is h(p)?
-5
Suppose 65*r + 12 = 68*r. Let c(d) = d**3 - 4*d**2 - d + 3. Calculate c(r).
-1
Let h be (-3)/(-12) + 6/8. Suppose -h + 6 = -v. Let y(d) be the third derivative of d**4/8 + 7*d**3/6 - d**2. Determine y(v).
-8
Let d = -1 - -2. Let r(v) be the third derivative of -v**5/10 + v**4/24 + 49*v**2. What is r(d)?
-5
Let i(u) be the second derivative of u**4/12 + u**3/6 + u**2/2 - 2*u.